ighest common factor of 2 and z?
2
Suppose 0 = 2*l + 3*l - z - 92, 52 = 3*l + z. Calculate the greatest common factor of l and 27.
9
Let v = 2 + -2. Let a = 0 - v. Suppose a = 3*d - 5*t - 18, -d - 3*d + t = -41. Calculate the greatest common divisor of 121 and d.
11
Suppose 0*n - 2*n = -6. Suppose -4*t + 2*y = -6 - 20, 2*t - 11 = n*y. Let j(m) = -15*m + 2. Let x be j(-5). What is the greatest common factor of t and x?
7
Let d be 2 - 4 - 132/(-2). Suppose 3*z - 2 = -5*i + 24, 4*z = 2*i. Suppose 0 = -4*v + 5*v + z*n, 3*v = -n + 20. What is the highest common divisor of v and d?
8
Suppose -3*t = -t - 14. Let c(p) = -p**2 + 8*p - 1. Let a be c(t). Let f be a/(-4)*-16 - 2. Calculate the highest common factor of 2 and f.
2
Let g = -222 + 158. Let m be ((-6)/12)/(2/g). Suppose o - 5*d = 37, 2*o - 28 - 39 = 3*d. What is the greatest common factor of o and m?
16
Suppose -2*c = -4*c + 40. Calculate the greatest common factor of c and 80.
20
Let t be ((-4)/5)/(2/85). Let f be 7/21 + t/(-6). Calculate the greatest common factor of 48 and f.
6
Suppose 4*o + 3*c - 10 = 0, 3*o + 3*c - 6 = -0. Suppose 3*a - a + 42 = -2*k, -o*a - 64 = 3*k. Let f = k - -28. Calculate the highest common factor of 32 and f.
8
Let m(g) = g**2 + 22*g - 23. Let c be m(-27). What is the highest common divisor of c and 28?
28
Let h = -25 - -33. What is the highest common divisor of 4 and h?
4
Let l(t) = -t**2 - 7*t - 5. Let i be l(-5). Suppose i*o + 79 = -1. Let y = o + 72. Calculate the highest common factor of 7 and y.
7
Suppose -2*t = -129 - 31. Let n be (20/(-7))/((-8)/28). Calculate the greatest common divisor of t and n.
10
Suppose 152 - 56 = 4*s. Calculate the highest common divisor of s and 12.
12
Let u(f) = 3 - 2 - 3 + 3*f. Suppose -18 = -5*r - 3. Let s be u(r). Calculate the greatest common divisor of s and 49.
7
Suppose -v + w + 39 = 0, 0 = -10*w + 6*w + 4. Calculate the greatest common factor of v and 16.
8
Let u = 90 - 83. Suppose 0*c = 2*c - 126. What is the highest common divisor of c and u?
7
Suppose 2*f - 2 = 4. Let g = f - 2. Calculate the greatest common divisor of 1 and g.
1
Suppose -2*m = 2, -2*m - 13 = -5*s + 34. Let h be 2/(-5) - (-1360)/25. Suppose t - h = -t. What is the greatest common factor of s and t?
9
Suppose 5*h + 5*r - 1 = 24, 0 = -h + 2*r - 7. Let k be -1*(-10*h + 3). What is the greatest common factor of 1 and k?
1
Let b = 10 + -4. Let l(v) = 9*v**2 + 3*v. Let m be l(2). What is the highest common factor of m and b?
6
Let q be 17 + -10 - (-1)/(-1). What is the highest common divisor of 15 and q?
3
Let k(p) = p**2 - 10*p - 5. Let w be k(16). Calculate the greatest common factor of 13 and w.
13
Let q = 74 - 46. Suppose q - 10 = 3*k. Calculate the greatest common factor of k and 30.
6
Suppose -500 = -7*a - 59. Calculate the highest common factor of a and 21.
21
Let s be (-2 - -1)*(0 + 3). Let t be (0 - 2)/(2/s). Suppose -z = t*z - 192. Calculate the highest common divisor of z and 6.
6
Suppose -15*c + 11*c + 168 = 0. Let s = 196 + -91. Calculate the highest common factor of c and s.
21
Let c(r) = r**3 + 13*r**2 + 11*r + 4. Let g be c(-12). Let n = g + -15. Let a be 5 - (-5)/(10/4). Calculate the highest common divisor of n and a.
1
Suppose 2*y + 40 = 4*y. What is the greatest common divisor of 120 and y?
20
Let l be (-92)/(-14) - (-8)/(-14). Calculate the greatest common factor of l and 3.
3
Suppose 20 = -7*a + 3*a. Let f = -2 - a. What is the highest common factor of 3 and f?
3
Let v(r) be the second derivative of -2*r**3 + r**2/2 + 2*r. Let b be (1/(-1))/(-2 + 3). Let k be v(b). Calculate the greatest common factor of 39 and k.
13
Let l(a) = a**2 + 3*a - 4. Let t be l(-3). Let d be (-26)/(-7) - t/14. What is the highest common divisor of 28 and d?
4
Let d be 6/27 - 1256/(-18). Let y(p) = p**2 - 4*p + 5. Let i be y(5). What is the highest common factor of i and d?
10
Let k(q) = -q**3 + 4*q**2 + 2*q + 7. Let a be k(5). Let v = a + 23. Suppose -5*d + v = -65. Calculate the greatest common divisor of d and 2.
2
Let m(z) = 5*z - 7. Let o be m(5). Let n = o - 9. Calculate the highest common factor of n and 9.
9
Let h be 142/6 - (-2)/6. Let v be 1320/84 - (1 - 18/14). What is the greatest common factor of v and h?
8
Let g(x) = -3*x - 3 - 2 + 1. Let j be g(-6). Suppose 2*u + 5*p - 8 = 0, -p - 4*p - 34 = -u. Calculate the greatest common divisor of j and u.
14
Let x = 180 - 48. Calculate the greatest common divisor of 12 and x.
12
Let a = -60 - -111. Calculate the highest common factor of a and 34.
17
Suppose -5*j + 12 = 5*q - 3, -2*j + 20 = -5*q. Let l = j + -4. Calculate the highest common divisor of 2 and l.
1
Let n(c) = -5*c**3 + 9*c + 13. Let y be n(-3). What is the highest common factor of 44 and y?
11
Let g(t) = t**3 - 2*t**2 + 2*t - 1. Let f be g(1). Let h(d) = d**3 + d**2 + 24. Let q be h(f). What is the greatest common factor of q and 8?
8
Suppose -5*f = 9 + 1. Let l be (42/9)/(f/(-6)). Calculate the greatest common factor of l and 70.
14
Let g be (3/1)/((-2)/(-32)). Suppose y + 6 = -y. Let r be (-2)/y - (-470)/15. Calculate the highest common divisor of r and g.
16
Let y be 6/(-27) + (-1160)/(-36). What is the greatest common factor of y and 4?
4
Let l = 30 - 24. Calculate the greatest common factor of 9 and l.
3
Let p(x) = x + 4. Let k be p(11). Suppose 18*h - 54 = k*h. What is the greatest common factor of h and 27?
9
Suppose -106 = -4*r - 2*g, -r + 4*g + 4 = -0*r. Let l be -72*((-24)/(-9) + -4). Calculate the highest common divisor of l and r.
24
Let h(r) = -r**2 + 10*r + 3. Let x be h(10). Suppose -x + 17 = 4*g - b, -g = 4*b + 5. Suppose -g*n + 3 + 51 = 0. What is the highest common divisor of n and 45?
9
Let m(y) = 297*y**2 - 4*y - 4. Let j be m(-1). What is the highest common factor of j and 27?
27
Let b(k) = -k**2 - 2*k + 3. Let f be b(2). Let x = 8 + f. Let j = 3 + 0. What is the highest common factor of x and j?
3
Let i = 18 - 6. Suppose q = 4*d, 3*q - 5*d = 7 + 14. Calculate the highest common divisor of i and q.
12
Suppose 3*b + 372 = 5*p - 108, -p - 4*b + 96 = 0. Let n = -83 - -107. What is the greatest common factor of p and n?
24
Let z be 3/2 - 5/2. Let a = z + -3. Let x be (2*1)/((-2)/a). Calculate the highest common divisor of x and 44.
4
Suppose -2*m = 3*p - 96, 4*m + 0*m = -5*p + 160. Calculate the greatest common divisor of 8 and p.
8
Suppose 0 = 3*k - 2*k - 7. What is the highest common factor of k and 1?
1
Suppose 169 = 8*u + 41. Calculate the highest common divisor of 16 and u.
16
Suppose 5*z = 35 + 25. Suppose 2*f = -4*l + 44, -l + 4*l = -3. What is the greatest common divisor of f and z?
12
Suppose 0*x + 345 = 3*x. Let s = x + -59. What is the greatest common factor of s and 14?
14
Let u be (5 - 3)*14/4. Let f be 1/2 - (-39)/6. What is the highest common factor of f and u?
7
Let y = 6 + -2. Suppose -5*c = -3*c - 42. Suppose -2*g + c = 5. What is the highest common divisor of g and y?
4
Suppose -7*n + 6*n = -14. Calculate the highest common divisor of n and 14.
14
Suppose 3*v = -4 + 16. Suppose -v*y = y - 210. Suppose y + 38 = 5*q. What is the highest common factor of 16 and q?
16
Let l = 25 - 10. Let d = l + -10. What is the greatest common factor of 10 and d?
5
Let h = 62 + -56. Let r be 10*3*2/(-4). Let b = r - -81. Calculate the greatest common factor of h and b.
6
Let n = 27 - -27. Calculate the greatest common divisor of n and 27.
27
Let u(p) = 3*p**2 - 10*p - 8. Let b be u(-7). What is the greatest common factor of 19 and b?
19
Let o(k) = -k**3 + k**2 + k + 65. Let r be o(0). Suppose -58 = -3*g + 20. What is the highest common factor of r and g?
13
Suppose 4*x + 2*t = 6*x - 388, t = -3*x + 562. Calculate the greatest common divisor of x and 21.
21
Suppose 3*f - 2*q + 4*q + 12 = 0, 0 = 5*f - 5*q - 5. Let n(u) = -3*u**3 - 2*u**2 + u - 1. Let s be n(f). Calculate the greatest common divisor of 13 and s.
13
Let n(m) = m**2 + 6*m + 2. Let c be n(-4). Let r = c + 11. Let u(w) = -w**2 + 9*w - 6. Let f be u(8). What is the highest common divisor of f and r?
1
Suppose -5 = -0*c - c. Let k = 31 + -21. What is the highest common factor of k and c?
5
Suppose 49 - 21 = q + 2*r, -2*r - 32 = -q. Let n = -34 - -18. Let o = q + n. Calculate the highest common factor of 112 and o.
14
Let z be 19*(-1)/(-2 + 1). What is the greatest c